vative of -v**5/60 - 11*v**4/24 - 4*v**2 + 49. Determine h(-9).
18
Let l(h) = -h**2 + 3*h + 1. Let z be ((-1)/2)/((-396)/(-48) + -8). Give l(z).
-9
Let y(v) = -3*v - 2. Let p = -29 + 45. Let r be (312/18)/((-2)/(-3)). Suppose 5*s - r + p = 0. What is y(s)?
-8
Let o(w) = -3. Let x(q) = -q + 1. Suppose 3*r + 2 = 2*r. Let k(n) = r*x(n) - o(n). What is k(-3)?
-5
Let g(m) = m**3 + m**2 - 10. Suppose -3*f - 5*s - 3 + 8 = 0, 0 = f + 4*s - 4. Give g(f).
-10
Let c(r) = r - 2. Let w(f) = -f + 1. Let x(k) = k. Let b be x(-5). Let h(l) = b*w(l) - 6*c(l). Let y be 10/(-6) - 25/(-15). Give h(y).
7
Let v(g) be the second derivative of -g**5/20 - 13*g**4/12 - 11*g**3/6 + 4*g**2 + g - 69. Give v(-12).
-4
Let p(q) = -27*q**3 - 4*q + q + 2*q - q + 28*q**3 - 3*q**2 + 5. Calculate p(4).
13
Let q(o) = 7*o + 9. Suppose 178*j - 172*j = -48. What is q(j)?
-47
Let t(x) = -x - 10. Let d be t(-8). Let r(y) = 2*y + 3*y**2 - 3 + 0*y**2 - 4*y**2 - 5*y. Give r(d).
-1
Suppose 3*y - 65*q + 45 = -66*q, -q + 53 = -4*y. Let w(c) = -c**2 - 14*c + 7. Calculate w(y).
7
Let y(t) be the third derivative of -t**5/30 + 5*t**4/24 + t**3/6 + 10*t**2. Let i(l) be the first derivative of y(l). What is i(6)?
-19
Let m(l) be the first derivative of -l**3/3 - 2*l**2 - l + 35. Give m(-3).
2
Suppose 20 = -233*u + 229*u. Let g(y) = y + 3. Give g(u).
-2
Let y(r) = 5*r**2 + 5*r - 3. Let w = -7 + 4. Let t(c) = 11*c**2 + 11*c - 6. Let l(j) = w*t(j) + 7*y(j). Determine l(-3).
9
Suppose 2*a - 9 = 1. Suppose 6*c - a = 7*c. Let z = c - -5. Let v(m) = m**2 - m - 3. Calculate v(z).
-3
Let m(x) be the first derivative of -10 - 7*x + 0*x**2 - 1/4*x**4 - 2*x**3. Determine m(-6).
-7
Let x(i) = -3*i + 7. Suppose 2*l = 2, -22 = -4*q + 4*l + 6. Let h(g) = 5*g - 11. Let a be (5/4)/(9/36). Let p(o) = a*h(o) + q*x(o). Give p(6).
7
Let a(d) = -4*d**2 - 5*d - 3. Let k(m) = 5*m**2 - 2*m + 2. Let z(w) = -10*w**2 + 5*w - 4. Let g(c) = -13*k(c) - 6*z(c). Let q(p) = 4*a(p) - 3*g(p). Give q(-6).
6
Let d(w) = -w + 5. Let z(m) = 2*m - 7. Let i(c) = -5*d(c) - 2*z(c). Calculate i(13).
2
Let n(o) = -o**2 - o - 1. Let p(d) be the first derivative of -4*d**3/3 - d**2/2 + d + 5. Let j be p(1). Let w be j/(-18) + 14/(-63). What is n(w)?
-1
Let u(x) = 2*x**2 + 15*x - 18. Let m(j) = 3*j**2 + 23*j - 27. Let v(n) = -5*m(n) + 8*u(n). Let k be 4/(-2)*(-7)/(-2). Determine v(k).
5
Let k(v) be the third derivative of -7*v**4/24 + v**3/3 + v**2. Suppose -3*j - 6 = 0, w + 0*w - 15 = -5*j. Let s be 15/w + 51/15 + -2. Determine k(s).
-12
Suppose -g - 240 = 4*g. Let s be g/(-6) - (2 + -1). Let r(i) = 2*i + 8. Let a(n) = 3*n + 16. Let v(z) = 3*a(z) - 5*r(z). Calculate v(s).
1
Let l = -495 - -488. Let x(q) = -2*q**2 - 16*q - 9. What is x(l)?
5
Let x(v) = 8*v - 7*v + 5*v - v. Let i be ((-18)/(-45))/((-1)/(-45)). Let f be i/(-12)*(-4)/(-6). Calculate x(f).
-5
Let j(b) = b**3 + 11*b**2 + 11*b + 5. Suppose -26*l - 1149 + 889 = 0. What is j(l)?
-5
Let s be ((-7)/(-14))/(2/20). Suppose -5*q + 25 + 9 = -j, s*j = 5*q - 50. Let o(v) = -q*v + 4*v**2 - 2*v**2 + 4*v + 5*v. Give o(-2).
2
Let z(k) = -k - 10. Suppose -i + 4 = i + 5*b, 3*b - 20 = i. Give z(i).
-2
Let j(w) = w**2 + 13*w + 3. Let x be j(-12). Let v(n) = n**2 + 8*n + 6. Determine v(x).
15
Suppose -44*x - 157 - 107 = 0. Let n(w) = -w**3 - 6*w**2 - 6*w - 6. Calculate n(x).
30
Let i(b) = -9 + b + 5 + 0 + 7. Let h = 2 - 9. What is i(h)?
-4
Let x(s) = -s**2 - s - 2. Suppose -10 = -5*u, 5*k + 6*u - u - 10 = 0. Suppose k = 100*l - 95*l + 15. Calculate x(l).
-8
Let y(d) = -3*d + 5. Let b = -1111 - -1106. Calculate y(b).
20
Let y be (-3 - (-11)/3)/((-10)/15). Let v(j) = -2*j - 1. Give v(y).
1
Suppose -106*m = -21*m - 680. Let w(d) = -d**2 + 5*d + 6. What is w(m)?
-18
Let g(o) = -o + 54. Let j be g(19). Let u be (-3 + j/15)*-6. Let d(q) = -q**3 + 4*q**2 - 7*q + 4. Determine d(u).
-24
Suppose -3*r = -4*a - 0*r + 8, -3*r + 12 = 0. Suppose a*d - 10 = 5. Let i be 2/((-3)/d) + -5. Let s(t) = -t**3 - 6*t**2 + 7*t - 7. Give s(i).
-7
Let i(d) = -5*d**2 + 1. Suppose -4*q = c - 3 - 5, 2 = q + 3*c. Let w(s) = -6*s**2 + 2. Let u(v) = q*w(v) - 3*i(v). Determine u(-1).
4
Let j(i) = -16*i + 80. Let g be j(5). Let a(k) be the third derivative of -1/3*k**3 - 1/6*k**4 - 3*k**2 + 0*k + g. Give a(-2).
6
Let k(c) be the third derivative of -c**4/12 - 7*c**3/6 - 21*c**2 + 1. Calculate k(-6).
5
Let h(x) be the second derivative of -x**5/20 + 5*x**4/12 + x**3/6 + 5*x**2/2 + 2*x. Suppose -15 + 3 = -3*r. Suppose -k - 15 = -r*k. Give h(k).
10
Let i(c) = -3*c - 7. Let x(o) = -o - 1. Let w = 42 - 41. Let q(t) = w*i(t) - 2*x(t). What is q(-6)?
1
Let q(i) = -37 + i**3 - 5*i**2 - 37 + 77 + 3*i. Give q(3).
-6
Let g(p) = 26*p + p**2 + 26*p + 4 + 14*p - 61*p. Let v(u) = -u**3 + 4*u**2 + 2*u - 5. Let a be v(4). Let o = a - 6. Determine g(o).
-2
Let i be (-28)/2*(-1)/(-2). Let z(l) = l + 13. Let j be z(i). Let q(b) = -2*b. Let t(w) = -w. Let u(y) = -q(y) + t(y). Calculate u(j).
6
Let h(q) = -q. Let b(v) = v. Suppose -5*x - 2*w = -0*w + 10, -2*x = -5*w + 4. Let o be (-2)/(-4)*-1*x. Let g(s) = o*b(s) - 6*h(s). Determine g(-1).
-7
Let y(g) be the second derivative of -41*g**3/6 + 5*g**2/2 - 22*g. Let r(o) = -14*o + 2. Let j(n) = 11*r(n) - 4*y(n). Give j(-2).
-18
Let m(o) = -o**3 + 4*o**2 - 4*o + 1. Let q(j) = 6 - 3*j - 9 + 5 - 5. Let b be q(-2). Give m(b).
-2
Let h(z) = -z**2 + 5*z - 4. Let v(r) = 6*r**2. Let x be v(-1). Let q be x/(1 + 2) - 1. Let t be 0 - -4*q*1. Calculate h(t).
0
Let p(r) = -r**2 + 8*r - 9. Let i(q) be the second derivative of -q**5/20 - q**3/6 - q**2/2 + 6*q. Let z be i(-1). Let k be (3/z)/((-27)/(-63)). Determine p(k).
-2
Let d(x) = -15*x - 15. Let g be d(-1). Let t(o) be the second derivative of g + 5*o + 1/3*o**3 + 1/12*o**4 + 1/2*o**2. Determine t(-4).
9
Let y(k) be the first derivative of -k**2 + 7*k + 114. What is y(12)?
-17
Let b(w) be the second derivative of -w**5/20 + w**4/4 + w**3/3 - 3*w**2 - 2*w - 6. Calculate b(3).
0
Let p(j) = 8*j + 2. Let y(w) = w**3 - 9*w**2 + 17*w + 18. Let f be y(5). Give p(f).
26
Let r(h) = h**2 - 4*h + 5. Suppose m = -5*y + 9, -3 = 4*m - y - 18. Let d(s) = s**2 - 4*s + 6. Let g(w) = m*d(w) - 5*r(w). Give g(5).
-6
Suppose 3*r = y - 103, -12*r - 249 = -3*y - 15*r. Let n = y - 81. Let h(z) = -z**2 + 7*z + 4. What is h(n)?
4
Let b(q) = -q - 1. Suppose -3 = -4*f + 21. What is b(f)?
-7
Suppose 2*v - 4 = -0. Let p(n) be the third derivative of -n**6/120 + n**4/8 - n**3/2 + 4*n**2 + 11*n. Give p(v).
-5
Let w(a) = 5*a. Let l = -22 + 14. Let j(b) = 2*b. Let x(r) = l*j(r) + 3*w(r). Calculate x(-3).
3
Suppose 3*m - 14 = 4*d, -d + 3 = 3*m + 14. Let p be (m - -4) + (-9 - -9). Let k(j) = 60*j + 4*j**p - 61*j + 1 - 2*j**3 - 3. Give k(2).
-4
Let x(f) = f**3 - 7*f**2 - 2. Suppose 4*d - 18 = -5*h, 3*d - 3*h + 7*h = 13. What is x(d)?
-2
Suppose -5*m - 77 = 18. Let a = m - -17. Let f(h) be the first derivative of h**2/2 + h - 1. Calculate f(a).
-1
Let q(r) = -r**2 + r. Let o(g) = 12 - 12 - 2*g. Let y(a) = o(a) + 3*q(a). Suppose 22*v + 3*f - 25 = 17*v, 2*v - 4*f = -16. Determine y(v).
-10
Let t(n) = 26*n**2 + 67 - 35 - 32 + n + 0*n. What is t(-1)?
25
Let z(k) = 11*k**2 + 25*k + 39. Let m(v) = 5*v**2 + 12*v + 18. Let r(g) = -7*m(g) + 3*z(g). Calculate r(-5).
-14
Suppose -2*g = -0*g + 14. Let l(z) = -2*z + 13. Let c be (-6 + 3)/(6/(-18)*-3). Let x(m) = m - 6. Let d(p) = c*l(p) + g*x(p). Determine d(-5).
8
Let l(v) = -v**2 + 5*v - 2. Let o be l(4). Suppose -2*w - o = 4*x, x + 4*w + 8 = 2*w. Let q = -2 - x. Let i(d) = d**3 + 5*d**2 + 6*d + 3. Determine i(q).
-5
Let h(a) be the second derivative of 1/20*a**5 + 0*a**3 + 1/12*a**4 + 0 + 9/2*a**2 - a. Give h(0).
9
Let w(n) = -2*n + 7. Let p(a) = -2*a + 9. Let l(x) = -4*p(x) + 5*w(x). What is l(3)?
-7
Let i = -1850 + 1854. Let q(r) = -r**3 + 5*r**2 - 3*r + 1. Calculate q(i).
5
Suppose 3*l - 31 = -5*y, 0*l + 3*l = -y + 23. Let z(m) = l*m - 4 + 5 - 8*m. Determine z(-1).
2
Let d(f) = 0*f - 4 - f - f**2 + 5*f. Suppose 27 - 3 = 6*t. Determine d(t).
-4
Let f(v) be the first derivative of -v**4/4 + 10*v**3/3 - 4*v**2 - 10*v - 2. Let x(n) = -6*n**2 + 49*n + 54. Let u be x(9). What is f(u)?
-1
Suppose 25 = 5*z - 10*z. Let b(q) = q**2 + q + 3. Let t(h) = -5*h**2 - h - 21. Let v(d) = 6*b(d) + t(d). Determine v(z).
-3
Suppose 4*l + 5*w = -33 + 25, 5*w - 8 = 4*l. Let x(z) = 9*z +